{"id":222,"date":"2025-12-30T13:44:33","date_gmt":"2025-12-30T12:44:33","guid":{"rendered":"https:\/\/shop.hethis.de\/?post_type=product&#038;p=222"},"modified":"2026-04-02T16:00:38","modified_gmt":"2026-04-02T14:00:38","slug":"adapterset-fuer-02-ml-pcr-roehrchen","status":"publish","type":"product","link":"https:\/\/shop.hethis.de\/index.php\/produkt\/adapterset-fuer-02-ml-pcr-roehrchen\/","title":{"rendered":"Adapterset f\u00fcr 0,2 ml PCR-R\u00f6hrchen"},"content":{"rendered":"<p>Adapter um\u00a0 0,2 ml PCR-Reaktionsgef\u00e4\u00dfe in Halterungen f\u00fcr 1,5 ml oder 2 ml nutzen zu k\u00f6nnen. Ein typischer Einsatz ist die Nutzung in Tischzentrifugen.<\/p>\n<p>Die Adapter sind aus PLA im 3D-Druck gefertigt und wiegen pro St\u00fcck 2,35g (5% Toleranz).<\/p>\n<p>L\u00e4nge: 39,5mm<\/p>\n<p>Au\u00dfendurchmesser: 11mm<\/p>\n<p>Innendurchmesser: 6mm<\/p>\n<p>Ein Set enth\u00e4lt zwei Adapter (Lieferung ohne PCR-Tubes).<\/p>\n<p>Das Produkt ist nur begrenzt autoklavierbar.<\/p>\n<p>Beachten Sie beim Einsatz in einer Zentrifuge die genaue Balancierung des Rotors. Keine Haftung f\u00fcr Sch\u00e4den!<\/p>\n<figure id=\"attachment_234\" aria-describedby=\"caption-attachment-234\" style=\"width: 300px\" class=\"wp-caption alignnone\"><img loading=\"lazy\" decoding=\"async\" class=\"size-medium wp-image-234\" src=\"https:\/\/shop.hethis.de\/wp-content\/uploads\/2025\/12\/Adapter_rotor-300x300.jpeg\" alt=\"\" width=\"300\" height=\"300\" srcset=\"https:\/\/shop.hethis.de\/wp-content\/uploads\/2025\/12\/Adapter_rotor-300x300.jpeg 300w, https:\/\/shop.hethis.de\/wp-content\/uploads\/2025\/12\/Adapter_rotor-150x150.jpeg 150w, https:\/\/shop.hethis.de\/wp-content\/uploads\/2025\/12\/Adapter_rotor-324x324.jpeg 324w, https:\/\/shop.hethis.de\/wp-content\/uploads\/2025\/12\/Adapter_rotor-416x416.jpeg 416w, https:\/\/shop.hethis.de\/wp-content\/uploads\/2025\/12\/Adapter_rotor-100x100.jpeg 100w, https:\/\/shop.hethis.de\/wp-content\/uploads\/2025\/12\/Adapter_rotor.jpeg 750w\" sizes=\"auto, (max-width: 300px) 100vw, 300px\" \/><figcaption id=\"caption-attachment-234\" class=\"wp-caption-text\">Zentrifuge und PCR-Tubes nicht im Lieferumfang!<\/figcaption><\/figure>\n<p>&nbsp;<\/p>\n","protected":false},"excerpt":{"rendered":"<p>Adapter um\u00a0 0,2 ml PCR-Reaktionsgef\u00e4\u00dfe in Halterungen f\u00fcr 1,5 ml oder 2 ml nutzen zu k\u00f6nnen. Ein typischer Einsatz ist die Nutzung in Tischzentrifugen. Die Adapter sind aus PLA im 3D-Druck gefertigt und wiegen pro St\u00fcck 2,35g (5% Toleranz). L\u00e4nge: 39,5mm Au\u00dfendurchmesser: 11mm Innendurchmesser: 6mm Ein Set enth\u00e4lt zwei Adapter (Lieferung ohne PCR-Tubes). Das Produkt [&hellip;]<\/p>\n","protected":false},"featured_media":237,"template":"","meta":[],"product_brand":[],"product_cat":[15],"product_tag":[],"class_list":{"0":"post-222","1":"product","2":"type-product","3":"status-publish","4":"has-post-thumbnail","6":"product_cat-verschiedenes","8":"first","9":"instock","10":"taxable","11":"shipping-taxable","12":"purchasable","13":"product-type-variable"},"_links":{"self":[{"href":"https:\/\/shop.hethis.de\/index.php\/wp-json\/wp\/v2\/product\/222","targetHints":{"allow":["GET"]}}],"collection":[{"href":"https:\/\/shop.hethis.de\/index.php\/wp-json\/wp\/v2\/product"}],"about":[{"href":"https:\/\/shop.hethis.de\/index.php\/wp-json\/wp\/v2\/types\/product"}],"wp:featuredmedia":[{"embeddable":true,"href":"https:\/\/shop.hethis.de\/index.php\/wp-json\/wp\/v2\/media\/237"}],"wp:attachment":[{"href":"https:\/\/shop.hethis.de\/index.php\/wp-json\/wp\/v2\/media?parent=222"}],"wp:term":[{"taxonomy":"product_brand","embeddable":true,"href":"https:\/\/shop.hethis.de\/index.php\/wp-json\/wp\/v2\/product_brand?post=222"},{"taxonomy":"product_cat","embeddable":true,"href":"https:\/\/shop.hethis.de\/index.php\/wp-json\/wp\/v2\/product_cat?post=222"},{"taxonomy":"product_tag","embeddable":true,"href":"https:\/\/shop.hethis.de\/index.php\/wp-json\/wp\/v2\/product_tag?post=222"}],"curies":[{"name":"wp","href":"https:\/\/api.w.org\/{rel}","templated":true}]}}